 - a = -2*s. What is the tens digit of s?
3
What is the tens digit of 500/(2 - -3) - 5?
9
Suppose -13*j + 304 = -9*j. Let g be -5 + 4 - j*1. Let s = -34 - g. What is the units digit of s?
3
What is the units digit of -5 + 2 + (7 - 400)/(-1)?
0
Suppose 2*v - 5908 = -0*v + t, -2963 = -v - 4*t. What is the hundreds digit of v?
9
Let s be (-8)/(2/12*4). Let z = 207 + -189. What is the units digit of 6/s*-4*z?
6
Suppose 0*h - 7*h - 14 = 0. What is the tens digit of h - (4 - 1 - 84)?
7
Let w be -1 - (-2 + (2 - -4 - 3)). What is the units digit of -1*(44/(-16) - w)*52?
9
Let o(l) = -l**3 - 7*l**2 - 7*l - 1. Let d be o(-6). Let h(b) = -2*b + 3*b - 3 - 5*b + d*b. What is the units digit of h(4)?
1
Suppose -11*k + 402 = -9*k. What is the hundreds digit of k?
2
Suppose -6*h + 9 + 33 = 0. Suppose h*z - 2*z + p - 181 = 0, 4*z - 148 = -4*p. What is the units digit of z?
6
Let d be 115/(-25) - (-4)/(-10). Let k be (2 + d)/(1/(-1)). Suppose -4*x = -20, 19 = 6*n - 2*n + k*x. What is the units digit of n?
1
What is the thousands digit of 4/(-20)*-35*565?
3
Let s = -17 - 94. Suppose -9*j + 14*j - 20 = 0, 5*j - 30 = 5*w. What is the units digit of (s/w)/((-24)/(-32))?
4
Suppose -3*z + 475 = 5*h, 0 = 2*z - 5*h - 58 - 267. Suppose -2*d + 64 = -4*f, 7*d - 4*f = 2*d + z. Suppose -10 = -2*u + d. What is the tens digit of u?
2
Let r(c) = 21*c**2 + c + 100. What is the thousands digit of r(-10)?
2
What is the units digit of (-8652)/(-28) + (-2 - -3) + 4?
4
Let w(n) = 4*n**2 + 17*n + 28. What is the units digit of w(-11)?
5
Let r be 3 + -1 + (432 - 3 - -7). Suppose -4*v + r = -158. What is the units digit of v?
9
What is the hundreds digit of (3994/(-10))/((-8)/40)?
9
Suppose 4*w - 18 = 2. Suppose s - 4*s = -w*i - 15, 0 = i + s - 5. Suppose -2*b + 33 + 47 = i. What is the units digit of b?
0
Suppose 5*y = -92 + 522. Let d(h) = -65*h + 390. Let a be d(6). Suppose a = -4*w + 58 + y. What is the units digit of w?
6
Let d = -48 - -18. Let r = -4 - d. What is the units digit of r?
6
Suppose 5*h - 5*k - 16555 = 0, -3*k - 3299 = -h - 6*k. What is the tens digit of h?
0
Let o(f) = f**2 - 3*f + 7. Let i be o(3). What is the hundreds digit of 7/(-21) + i/(42/740)?
1
Suppose 2*j = -0*j - 2, 3*w + 5*j - 1 = 0. Suppose 4*i - 7 = -5*h + 21, w*i - 4*h - 40 = 0. What is the units digit of i?
2
Let w = 1087 - -2281. What is the hundreds digit of w?
3
Let j(y) = y**2 + y - 8. Let d be j(-4). Let h be (-2 - d*9)*-1. Suppose -2*u = -12 - h. What is the units digit of u?
5
Let n = 162 + -69. Let o be ((-12)/(-1))/(-4) - -3. Suppose 0 = -3*c + 2*p + n, o*c - 3*c - 4*p + 111 = 0. What is the tens digit of c?
3
Let y(m) = 6*m**3 + m**2 - 4*m + 3. What is the units digit of y(4)?
7
Let o(a) = -a**2 - 12*a + 12. Let n be o(-12). Let v = n - 8. Suppose 108 = v*q - 4*r, q + 3*q = -r + 98. What is the units digit of q?
5
Let f(g) = 11*g**2 - 8*g + 48. What is the units digit of f(7)?
1
Let x(b) = 15*b**2 - 3*b + 3. Let q be x(2). Let o = -12 + 15. Suppose -5*y + 5*i + 95 = -0*y, 0 = -o*y - 5*i + q. What is the tens digit of y?
1
Suppose 2*p + 0 - 2 = 0. What is the units digit of (-51)/(-85) - ((-494)/10 + p)?
9
Let m(l) = l**2 - 3*l - 2. Let z be 6/(-4)*2 + 2. Let y be m(z). Suppose -4*k = -r - 156, 2*r - 22 = -k - y*r. What is the units digit of k?
8
Let x = 957 - 451. What is the hundreds digit of x?
5
Let m(r) = -17*r - 10. Suppose -q + 3*q = 4*x + 40, 4*x + 40 = 3*q. Let h be m(x). Suppose -5*c + h = -0*c. What is the tens digit of c?
3
Let y be (-129)/12 - (-6)/8. What is the tens digit of y/15*(0 + -48)?
3
Suppose 6144 = 3*p - 198. What is the tens digit of p?
1
Suppose -22 - 3 = -5*h. Let n(d) = d**3 - 5*d**2 + 3*d + 9. What is the units digit of n(h)?
4
Let j(a) = a + 38. Let m be j(-14). Suppose -27*f + 138 = -m*f. What is the tens digit of f?
4
Let l be ((-1)/(2/(-1)))/((-15)/(-30)). Let v(y) = 5 - 1 - 6 + 25*y. What is the tens digit of v(l)?
2
What is the hundreds digit of (1/((-5)/843))/((-24)/360)?
5
Suppose -2*f = -0*f + r - 4046, -4*f + 2*r + 8108 = 0. What is the thousands digit of f?
2
Let p be ((-1)/7)/((-1)/7)*4. What is the tens digit of ((-402)/p - -4)*6/(-3)?
9
Let d be -1 + (5 - 3) - -16. Let v = 26 + d. What is the units digit of v?
3
Suppose 6501 + 339 = 24*s. What is the units digit of s?
5
Let a(w) = -w**2 + 6*w + 10. Let i be a(7). Suppose 3*b - 4*b - 3*k = 3, -b = -3*k - i. Suppose b = -l + 2*n + 15, -1 = -2*n + 1. What is the units digit of l?
7
Let k(s) = -s**2 + 19*s - 29. Let w be k(17). Suppose -3*l = -t - t - 195, 2*l = -w*t + 149. What is the units digit of l?
7
Suppose 5*n - 4*n = 0. Let h(r) = 4*r + 15. Let d(i) = -i. Let u(m) = 3*d(m) + h(m). What is the tens digit of u(n)?
1
Let v = 21 + -16. Let x(d) = d**3 - 5*d**2 + d - 2. Let w be x(v). What is the tens digit of 50 + w*(-16)/(-12)?
5
Suppose 3*r + 3*n = 3276, 4*n = 4*r - 2989 - 1379. What is the tens digit of r?
9
Let y(r) = 66*r**3 + r - 1. Let c be y(1). Suppose -8 + c = s. What is the units digit of s?
8
Let m(u) = u**3 - 11*u**2 + 28*u - 25. What is the hundreds digit of m(10)?
1
Let g(v) = 5*v**2 + 19*v - 10. Let y(d) = 3*d**2 + 10*d - 5. Let b(j) = -6*g(j) + 11*y(j). What is the tens digit of b(-6)?
3
Let h(t) = -t**3 - 12*t**2 + 2104. What is the tens digit of h(0)?
0
Let q = 321 - 165. Let d = q - 11. What is the tens digit of d?
4
What is the hundreds digit of 1091 + (-10)/((-30)/(-21))?
0
Let j(c) be the third derivative of c**5/60 - c**4/12 + 7*c**3/6 - 3*c**2. What is the units digit of j(-7)?
0
Let q = 30 - 142. What is the units digit of (5/((-30)/q) - 0)*3?
6
Suppose -18*c + 10680 = -14*c + 5*w, 2*c + 3*w = 5338. What is the hundreds digit of c?
6
Let r = -431 + 540. Let q = 172 - 18. Let a = q - r. What is the units digit of a?
5
Let k(b) = -3*b - 38. Let h be k(9). Let w = h + 99. What is the units digit of w?
4
Let m(v) = v**3 - 12*v**2 + 11*v + 3. Let o be m(11). Suppose o*k = 15, 4 + 9 = 2*f - k. Let d = f - -13. What is the units digit of d?
2
Let x(i) = 8*i + 154. What is the units digit of x(-18)?
0
Suppose -16 + 115 = 3*p. Suppose 2*w - 3*w = -p. What is the tens digit of w?
3
Let v be (-1)/2 + 10/4. Suppose -38 - 18 = -v*t. Suppose t = 5*p - u - 96, -4*p = 3*u - 103. What is the units digit of p?
5
Suppose -828 = -11*m - m. Let k = 171 - m. What is the units digit of k?
2
Let y be (25*-1 + -2)/(4/8). Let g = y - -91. What is the tens digit of g?
3
Let l(y) = -y**2 + 9*y - 5. Let b be (-1 + 12/(-8))*-2. Suppose -2*w - 16 = -b*w + q, 4*w = q + 22. What is the units digit of l(w)?
3
Suppose l + 31 + 1 = 0. Let b = l - -104. What is the units digit of b?
2
Let d(z) = -292*z**3 + z**2 - 11*z - 22. What is the hundreds digit of d(-2)?
3
Let z be (-5)/(20/(-12)) + 0. Suppose -4*h + 125 = u, -z*u + 2*h + 280 = -u. What is the units digit of u?
7
Suppose x - 5*l - 755 = 0, -x - 5*l = -602 - 193. What is the hundreds digit of x?
7
Suppose 5*x + 54 = 3*x. Let d be 5/(-20) - x/(-4). Let r(t) = t**2 + 4*t - 8. What is the units digit of r(d)?
3
Let s = -372 - -2370. What is the hundreds digit of s?
9
What is the units digit of (459 + 18)*(-1 + 2)?
7
What is the hundreds digit of (-9)/(-3) - (-7)/(49/26096)?
7
Suppose -3*c + 220 = c. Suppose -c*r + 56*r = 140. What is the tens digit of r?
4
Suppose -3*z - 279 = -3*m, -4*m + 5*z + 129 + 244 = 0. What is the tens digit of m?
9
Suppose 0 = -50*s + 49*s - 12. Suppose 0 = -4*l + 6*f - 2*f + 108, -2*l = 4*f - 84. Let o = s + l. What is the units digit of o?
0
Let r = 897 - 605. What is the units digit of r?
2
Let k = 82 + -82. Let t be (1/(-2))/((-1)/2). Suppose k = -6*h + t + 11. What is the units digit of h?
2
What is the hundreds digit of (598 - 2) + (-1 - 3 - -6)?
5
Let m = 29 + -21. Suppose -3*j + m*j = 365. What is the units digit of j?
3
What is the thousands digit of (7/((-70)/228))/((-24)/1680)?
1
Suppose 0 = m - 5*m + 48. Let j(x) = x**2 - 16*x - 1. Let o be j(m). Let a = o - -83. What is the units digit of a?
4
Let c(q) = q**2 - 7*q - 62. What is the tens digit of c(-21)?
2
Let x(o) = -o**3 - 9*o**2 - 11*o - 10. Let n be x(-8). Let w = -36 + 45. Let v = n - w. What is the units digit of v?
5
Suppose 0 = 17*h - 4669 - 8115. What is the units digit of h?
2
Suppose -10072 = -4*w + 5*x, 5*w + 175 = -5*x + 12810. What is the hundreds digi